 - 9506. Suppose -2*k + 12 = -2*i + i, k - 16 = 3*i. Suppose -l = -k*p - 109. What is the remainder when p is divided by 14?
13
Let z be (60/(-9))/(-5) - (-33)/9. Calculate the remainder when 82 is divided by 7*6/30*z.
5
Suppose -4*w - 2*m + 25 = -35, -5*m - 30 = -2*w. Suppose 30 = d - u - w, 5*d + 2*u = 260. What is the remainder when 99 is divided by d?
49
Suppose -h = r - 63, 4*r - h - 2*h = 210. What is the remainder when 792 is divided by r?
51
Let b(x) = x**3 - 9*x**2 + 9*x + 16. Calculate the remainder when 1205 is divided by b(8).
5
Suppose -28*m = -29*m + 5. Suppose m*d - 204 + 19 = 0. Let k(l) = -l + 17. Calculate the remainder when d is divided by k(7).
7
Suppose 0 = -5*y - m + 197, 3*y - 2*m - 89 = 24. Let x = y - 29. What is the remainder when (-27)/(2*(3 + 15/(-4))) is divided by x?
8
Suppose -12*b + 2185 - 1429 = 0. What is the remainder when b is divided by 23?
17
Let w(m) = -m**3 + 8*m**2 + 8*m + 14. Let s be w(9). Suppose -5*l = -2*x - 382, 6*l - 4*l - s*x - 157 = 0. Calculate the remainder when l is divided by 24.
4
Let f = 60 - 60. Let c(b) = -b**3 + b**2 + 2*b + 48. Let l be c(f). Let o = l - 34. Calculate the remainder when 25 is divided by o.
11
Suppose -320 - 361 = -3*b. What is the remainder when b is divided by 86?
55
Let o(u) = u**2 - 30*u + 52. Suppose q - 14 = 4*m, 0*m + 2*m = -2*q + 38. Calculate the remainder when o(30) is divided by q.
16
Let t = 93963 - 93909. Let j = -145 + 308. Calculate the remainder when j is divided by t.
1
Let u(g) be the second derivative of 5*g**4/12 - g**3/6 + 3*g**2/2 + 9*g. Let s(x) = -2*x**2 + 103*x + 64. What is the remainder when u(3) is divided by s(52)?
9
Let g(m) = m**3 + 10*m**2 + 5*m - 43. What is the remainder when g(-8) is divided by 13?
6
Suppose 22*f + 11*f - 165 = 0. Suppose 42 - 97 = -f*n. What is the remainder when 19 is divided by n?
8
Let b = -3034 - -3060. Calculate the remainder when 226 is divided by b.
18
Let z(i) = 32*i**2 + 172*i - 510. Calculate the remainder when 406 is divided by z(3).
112
Let d(y) = y**2 + 7*y + 6. Let f be d(-1). Suppose f = -7*u - 5 + 68. Calculate the remainder when 78 is divided by u.
6
Let s(l) be the second derivative of -l**5/20 - 5*l**4/12 + 11*l**3/6 - 5*l**2 - 17*l. Calculate the remainder when 3*(4 + -3) - -27 is divided by s(-7).
8
Suppose 534 = 17*o - 881 - 200. Calculate the remainder when 384 is divided by o.
4
Let d = -3224 - -3436. What is the remainder when d is divided by 211?
1
Let m be ((-10)/(-4))/((10/5452)/5). Let v be (-4)/(-30) + m/75. Let u = -14 + v. What is the remainder when u is divided by 40?
37
Let j = 237 + -222. Suppose j*v + 5 = 3*x + 11*v, 31 = 5*x - v. Calculate the remainder when 39 is divided by x.
4
Let g(s) = s**2 + 9*s + 5. Let p be g(-9). Suppose -y + 100 = -k, p*k = 3*y + 3*k - 301. Calculate the remainder when y is divided by 26.
23
Let b = 6453 - 6446. Calculate the remainder when 6185 is divided by b.
4
Suppose -69*g = -1593 - 408. Suppose -7*z - 48 = -9*z. Suppose -4*l + z - 4 = 0. Calculate the remainder when g is divided by l.
4
Suppose 4578 = 3*v - 335*u + 339*u, -3*v + 4572 = 2*u. What is the remainder when v is divided by 255?
247
Suppose 251*t - m + 940 = 254*t, -912 = -3*t + 3*m. What is the remainder when t is divided by 149?
13
Suppose k = -5*w + 51, 2*w = 2*k + 7*w - 137. What is the remainder when 525 is divided by k?
9
Let o = -5374 - -5377. Let s(v) = 3*v + 3*v**2 + 3*v**2 + 3*v - 9. What is the remainder when s(o) is divided by 11?
8
Suppose -24*z + 3067 - 31 = -36. What is the remainder when 752 is divided by z?
112
Suppose -3*l = 22*l - 2452 + 252. What is the remainder when 310 is divided by l?
46
Suppose -5*z + 722 = -188. Calculate the remainder when z is divided by 24.
14
Let n(g) = -1186*g - 3378. What is the remainder when n(-4) is divided by 30?
16
Suppose q - 3 = 0, 33*g - q = 38*g - 2888. Calculate the remainder when g is divided by 58.
55
What is the remainder when 2/15 - (-573980)/1650 is divided by 32?
28
Suppose -14742 = -10*k + 7*k. Suppose -k = 6*c - 20*c. What is the remainder when c is divided by 8?
7
Let n(x) = 17*x**3 - 9*x**2 - x - 1. Let k be n(2). Suppose -99 - k = -7*o. Calculate the remainder when 109 is divided by o.
25
Suppose -665 = 21*s - 2064 - 1100. Calculate the remainder when 339 is divided by s.
101
Let o be 6*(0 + 2)/6. Suppose j + 6 = o*j. Suppose 210 = 21*i - 0*i. What is the remainder when i is divided by j?
4
Suppose 0 = 5*j - 222 - 448. Calculate the remainder when j is divided by (6*(-102)/9)/(-2).
32
Let z = -13002 + 13011. Suppose -6*t + 217 = -143. What is the remainder when t is divided by z?
6
Suppose 0 = -2*b - 16*z + 12*z + 1374, 5*z + 1428 = 2*b. What is the remainder when 2801 is divided by b?
5
Suppose 119*c = 2*b + 114*c - 52, 5*c + 104 = 4*b. Suppose 0 = 2*n + f - 23, f = 4*f + 9. Calculate the remainder when b is divided by n.
0
Suppose -2*x - p + 890 = 0, 33*x - 878 = 31*x - 3*p. Calculate the remainder when x is divided by 13.
6
Let m = 14 - -183. What is the remainder when m is divided by (6/11 - 0)/(127/1397)?
5
Let w be 5 + 106 + -7 - 3. Let f = w + -52. What is the remainder when f is divided by 26?
23
Suppose -142*r - 90126 + 265070 = 0. What is the remainder when r is divided by 69?
59
Let k be 2*(-3 - -4) - -1. Suppose 0 = -4*c + k*y + 71, -3 = -c - 3*y + 26. Suppose 7*s = 6*s + c. What is the remainder when 97 is divided by s?
17
Let a(b) = 12*b + 54. Let g be a(-9). Calculate the remainder when 331 is divided by (-7 + (-30)/(-4))/((-3)/g).
7
Suppose 553 = 6*q - 2*q + c, 35 = -5*c. Calculate the remainder when 3497 is divided by q.
137
Suppose -22*u + 72 = -82. Suppose 0 = -u*q + 128 + 26. What is the remainder when 43 is divided by q?
21
Suppose -2*x + 25 = -5*t, 2*x + 2*t = -3*x + 19. Suppose w + 3 = -x*r + 31, 0 = -5*r - 5. Let p = 138 + -74. Calculate the remainder when p is divided by w.
31
Let k = 71 - 52. Suppose 0 = 3*x - 158 - k. Calculate the remainder when x is divided by 10.
9
Let k(m) be the first derivative of m**4/2 - 76*m**3/3 + 77*m**2/2 - 87*m - 133. Calculate the remainder when 91 is divided by k(37).
19
Suppose -12104 = -212*b + 137*b - 1379. What is the remainder when b is divided by 43?
14
Let y(s) = -8*s**3 + 7*s**2 - 19*s - 13. Let h(b) = 7*b**3 - 7*b**2 + 17*b + 12. Let j(d) = -7*h(d) - 6*y(d). What is the remainder when 71 is divided by j(5)?
14
Calculate the remainder when 24/(9835/(-1407) + 7) - (-1)/(-1) is divided by 151.
146
Let s = 570 - 482. What is the remainder when s is divided by (4/(-18) + (-50)/18)*-3?
7
Calculate the remainder when 263 is divided by 9/(216/8)*498/2.
14
Let u = 40 - 36. Let d = -651 - -714. What is the remainder when d is divided by u?
3
Let l(a) = -a**3 - 21*a**2 - 144*a - 55. Calculate the remainder when l(-16) is divided by 139.
135
What is the remainder when (-18 - (13 - 27))/(3/(-22260)) is divided by 102?
100
Suppose 33*l - 31200 = -17*l. Calculate the remainder when l is divided by 37.
32
Let f(p) = 2*p - 84. Let g be f(-7). Let d = 127 + g. What is the remainder when d is divided by 21?
8
Let b = 602 + -617. Calculate the remainder when (-5)/b - (-1430)/3 is divided by 80.
77
Let n(d) = d**2 - 58*d - 254. What is the remainder when 257 is divided by n(-5)?
13
Suppose 74 = -3*i + 2*i. Let o = 71 + i. What is the remainder when 87 is divided by -3 + (-1 - o) - -19?
15
Let d(h) = -h**3 + 17*h**2 - 34*h + 19. Let z be d(14). Let j = 164 - z. Let f = j + -16. Calculate the remainder when f is divided by 11.
6
Suppose 4*n = 3*n + 12. Let b = -32 + n. What is the remainder when 57 is divided by b/16 + (-178)/(-8)?
15
Let y(v) = -549*v - 3251. Let q = 141 - 21. Suppose 0 = 4*j + 12 - q. Calculate the remainder when y(-6) is divided by j.
16
Let q(c) = -c**3 + 55*c**2 - 101*c - 140. Let l be q(53). Suppose 42*t = 17*t + l. What is the remainder when 23 is divided by t?
3
Let g = -96 - -96. Let w(b) = g + 13 + 31*b - b**3 + 3*b - 14*b**2 - 2*b. What is the remainder when 102 is divided by w(-16)?
11
Let v(i) = 13*i**2 + 2*i + 29. Let m be v(-5). Let z = m + -307. Calculate the remainder when 113 is divided by z.
2
Let v = -11063 + 11069. Let b(i) = i**2 - 5*i - 5. What is the remainder when b(7) is divided by v?
3
Let k(p) = 3*p**3 + 30*p**2 + 9*p - 27. Cal